{"id":144,"date":"2018-11-14T15:44:07","date_gmt":"2018-11-14T15:44:07","guid":{"rendered":"http:\/\/cleopatra-project.eu\/?page_id=144"},"modified":"2020-02-24T09:44:58","modified_gmt":"2020-02-24T09:44:58","slug":"partners","status":"publish","type":"page","link":"https:\/\/cleopatra-project.eu\/index.php\/partners\/","title":{"rendered":"Partners"},"content":{"rendered":"<p><strong>CLEOPATRA\u00a0 beneficiaries<\/strong><\/p>\n<p>Beneficiaries are responsible for the implementation of the Marie-Curie action. They contribute directly to the implementation of the research, transfer of knowledge and training activities by recruiting, supervising, hosting or training funded researchers.<\/p>\n<p><a href=\"http:\/\/cleopatra-project.eu\/index.php\/partners\/l3s\/\" target=\"_blank\" rel=\"noopener\">LUH<\/a> (Gottfried Wilhelm Leibniz Universit\u00e4t Hannover) &#8211; L3S Research Center<\/p>\n<p><a href=\"http:\/\/cleopatra-project.eu\/index.php\/partners\/soton\/\" target=\"_blank\" rel=\"noopener\">SOTON<\/a> (University of Southampton)<\/p>\n<p><a href=\"http:\/\/cleopatra-project.eu\/index.php\/partners\/ubo\/\" target=\"_blank\" rel=\"noopener\">UBO<\/a> (Rheinische Friedrich-Wilhelms-Universit\u00e4t Bonn)<\/p>\n<p><a href=\"http:\/\/cleopatra-project.eu\/index.php\/partners\/tib\/\" target=\"_blank\" rel=\"noopener\">TIB<\/a> (TIB Hannover &#8211; The German National Library of Science and Technology)<\/p>\n<p><a href=\"http:\/\/cleopatra-project.eu\/index.php\/partners\/uol\/\" target=\"_blank\" rel=\"noopener\">UoL<\/a> (University of London)<\/p>\n<p><a href=\"http:\/\/cleopatra-project.eu\/index.php\/partners\/jsi\/\" target=\"_blank\" rel=\"noopener\">JSI<\/a> (Institut Jozef Stefan)<\/p>\n<p><a href=\"http:\/\/cleopatra-project.eu\/index.php\/partners\/uva\/\" target=\"_blank\" rel=\"noopener\">UvA<\/a> (Universiteit van Amsterdam)<\/p>\n<p><a href=\"http:\/\/cleopatra-project.eu\/index.php\/partners\/ffzg\/\" target=\"_blank\" rel=\"noopener\">FFZG<\/a> (Sveuciliste u Zagrebu Filozofski Fakultet &#8211; University of Zagreb)<b><br style=\"font-weight: 400;\" \/><\/b><\/p>\n<p>KCL (King\u00b4s College London)<\/p>\n<p>&nbsp;<\/p>\n<p><strong>Partner organisations<\/strong><\/p>\n<p>Partners contribute to the implementation of the action (for example by hosting ESR placements), but they do not sign the project Grant Agreement.<\/p>\n<p>Funda\u00e7\u00e3o para a Ci\u00eancia e a Tecnologia (FCT-FCCN)<\/p>\n<p>Wolters Kluwer Deutschland GmbH (WKD)<\/p>\n<p>Jo\u017eef Stefan International Postgraduate School (IPS)<\/p>\n<p>The British Library Board (BL)<\/p>\n<p>The National Archives (NA)<\/p>\n<p>Ontotext AD (ONTO)<\/p>\n<p>The Slovenian Press Agency (STA)<\/p>\n<p>VICO Research &amp; Consulting GmbH (VICO)<\/p>\n<p>Tilde (TILDE)<\/p>\n<p>&nbsp;<\/p>\n<p>&nbsp;<\/p>\n<p>&nbsp;<\/p>\n<p>&nbsp;<\/p>\n<p>&nbsp;<\/p>\n<p>&nbsp;<\/p>\n<p>&nbsp;<\/p>\n<p>&nbsp;<\/p>\n<p>&nbsp;<\/p>\n","protected":false},"excerpt":{"rendered":"<p>CLEOPATRA\u00a0 beneficiaries Beneficiaries are responsible for the implementation of the Marie-Curie action. They contribute directly to the implementation of the research, transfer of knowledge and training activities by recruiting, supervising, hosting or training funded researchers. LUH (Gottfried Wilhelm Leibniz Universit\u00e4t Hannover) &#8211; L3S Research Center SOTON (University of Southampton) UBO (Rheinische Friedrich-Wilhelms-Universit\u00e4t Bonn) TIB (TIB &hellip; <a href=\"https:\/\/cleopatra-project.eu\/index.php\/partners\/\" class=\"more-link\">Continue reading<span class=\"screen-reader-text\"> &#8220;Partners&#8221;<\/span><\/a><\/p>\n","protected":false},"author":1,"featured_media":0,"parent":0,"menu_order":0,"comment_status":"closed","ping_status":"closed","template":"","meta":[],"_links":{"self":[{"href":"https:\/\/cleopatra-project.eu\/index.php\/wp-json\/wp\/v2\/pages\/144"}],"collection":[{"href":"https:\/\/cleopatra-project.eu\/index.php\/wp-json\/wp\/v2\/pages"}],"about":[{"href":"https:\/\/cleopatra-project.eu\/index.php\/wp-json\/wp\/v2\/types\/page"}],"author":[{"embeddable":true,"href":"https:\/\/cleopatra-project.eu\/index.php\/wp-json\/wp\/v2\/users\/1"}],"replies":[{"embeddable":true,"href":"https:\/\/cleopatra-project.eu\/index.php\/wp-json\/wp\/v2\/comments?post=144"}],"version-history":[{"count":17,"href":"https:\/\/cleopatra-project.eu\/index.php\/wp-json\/wp\/v2\/pages\/144\/revisions"}],"predecessor-version":[{"id":441,"href":"https:\/\/cleopatra-project.eu\/index.php\/wp-json\/wp\/v2\/pages\/144\/revisions\/441"}],"wp:attachment":[{"href":"https:\/\/cleopatra-project.eu\/index.php\/wp-json\/wp\/v2\/media?parent=144"}],"curies":[{"name":"wp","href":"https:\/\/api.w.org\/{rel}","templated":true}]}}